*i, -2*i + 0*h + m = 2*h. Determine t(i).
-9
Let i = 257 + -233. Suppose -15*r = -i + 114. Let t(u) = u + 3. Give t(r).
-3
Let y = 140 - 138. Suppose -5*f + 23 = 2*s, 5*s + 7*f = y*f + 35. Let m(r) = 6*r - 3. Let i(h) = -20*h + 10. Let w(q) = s*i(q) + 14*m(q). What is w(6)?
22
Let y(v) = -v**3 + 7*v**2 + 9*v + 5. Suppose 6 = 5*c + 31. Let t(a) = -40*a - 192. Let p be t(c). What is y(p)?
13
Let g(h) = 2*h + 4*h**2 + 306 + h**3 - 156 - 153. Suppose 0 = -4*m + 2*f + 14, 19 - 7 = -4*f. Let j be (81/54)/((-1)/m). Calculate g(j).
0
Let h(b) = -11*b**2 + 5*b + 13. Let a(q) = 4*q**2 - 2*q - 5. Let r(u) = 2*u**3 - 5*u**2 - 2*u - 11. Let y be r(3). Let p(c) = y*a(c) - 3*h(c). What is p(4)?
21
Suppose -131*c = -229*c - 180*c - 3614. Let y(m) = 5*m**3 + 66*m**2 + 13*m - 2. Determine y(c).
-2
Let v(s) = s**2 + 4*s + 32 - 13 - 7 - 13 - 12. Let f(b) = b**3 + 6*b**2 + 2*b - 21. Let c be f(-5). Determine v(c).
-1
Suppose 17 + 5 = 11*j. Let w(d) = 25 + d**3 + 19 + 5*d**2 - 41 - j*d**3. Suppose g + 1 = z - 3*g, -2*g = -2. Give w(z).
3
Let p(h) = 21*h**2 + 2. Let b(v) = -42*v**2 + v - 4. Let n(x) = 3*b(x) + 7*p(x). What is n(-1)?
20
Let h = 5639 + -5632. Let x(a) = 7*a - 37. Determine x(h).
12
Let c be (-2)/(-8) + (-42)/(-16) + (-1)/(-8). Let j(f) be the third derivative of 1/60*f**5 + 0*f + 1/6*f**c + 1/24*f**4 + 0 + 5*f**2. Determine j(-4).
13
Let g(u) = -u**3 - 14*u**2 + 23*u + 24. Let x be g(-15). Let i = x + 229. Let r = i + -127. Let b(z) = -z**3 + 5*z**2 + 4*z + 7. Give b(r).
-5
Let t(h) = 2*h**2 - 3*h - 29. Let n = -30003 + 30008. What is t(n)?
6
Let x = -4455 + 4435. Let s(q) = -q**2 - 19*q + 4. What is s(x)?
-16
Let x be (-2 - 48/(-18))/(3/72). Let q be (4 - x/(-8))/(-2). Let f(d) = d**3 + 4*d**2 + 3*d. What is f(q)?
0
Let m be 72/9 + -6 + 0. Suppose -4*i + 26 = m*s, 2*s - 20 = i - 4*i. Let r(n) = n**3 - 7*n**2 + n - 2. Give r(i).
-32
Let j(v) = 7*v - 43. Let c(y) = -20*y + 131. Let n(k) = 3*c(k) + 8*j(k). Give n(11).
5
Let u(x) be the third derivative of 0*x + 0 + 1/6*x**3 + 0*x**5 + 1/12*x**4 - 9*x**2 + 1/30*x**6. Let d be (4/(-2) - -4)/(-2). What is u(d)?
-5
Suppose -i + 15 = 5*u + 8, -u = -1. Let r(j) = -7 + 19 + 3*j**i - 9 - 2*j**2 - j. What is r(0)?
3
Let d = 4 - 5. Let h(l) = -1 - l - 7*l**2 + 19*l**2 - 11*l**2. Let s(p) = 3*p**2 - 7*p - 6. Let a(j) = d*s(j) + 4*h(j). What is a(3)?
20
Suppose 57 - 152 = -19*p. Suppose 4*b + 2*a = 36, -p*b = 6*a - 9*a - 45. Let z(q) = q**2 - 6*q + 3. What is z(b)?
30
Suppose 4*y - 127 = 5*d - 0*y, -2*d - 52 = -2*y. Let u(h) = h**2 + 25*h + 43. Determine u(d).
-3
Let b(k) = -3 + 2 + 4*k + 6*k. Let a be 333 + -316 - (-15)/(-1). Calculate b(a).
19
Let f = 9143/183660 - -2/9183. Let w(p) be the second derivative of 0 + 15*p + p**3 + 5/2*p**2 + f*p**5 + 5/12*p**4. Determine w(-4).
-3
Let j = -29813 - -29813. Let t(q) = 3*q**2 - q + 59. What is t(j)?
59
Let z = 89 - 78. Let x(r) = 12 - 14 + 23*r - z*r. Calculate x(2).
22
Let f(o) = o - 30*o + 809 + 59*o - 683. Calculate f(-4).
6
Let t(q) = 12 - 41 + 2*q - 2 + 12. What is t(4)?
-11
Let r(q) = 3*q**3 + 14*q**2 + 18*q + 6. Let b be r(-2). Let h(a) = 4*a**3 - 4*a**2 - 9*a + 5. What is h(b)?
3
Let q(m) = 4*m - 2. Suppose 0 = -9*j + 5*j + 1240. Suppose 5*t - j = -315. What is q(t)?
-6
Let g(z) be the second derivative of -z**4/12 + z**3 - z**2 + 6*z. Determine g(6).
-2
Let l = 309 - 301. Let g(c) = -c**2 + 8*c - 16. Determine g(l).
-16
Let n(c) = -c**3 + 2*c. Let y(g) = 3*g**3 + 8*g**2 + 13*g - 2. Let k be y(-7). Let r be (1 - k/22) + (-12)/66. Suppose d - 32 + r = 0. Determine n(d).
4
Let v(w) = w**2 + w - 5. Let c be (-7)/(-2)*40/35. Suppose -3*b + c = -4*b. Calculate v(b).
7
Let s(o) = -16020*o + 9 - 16027*o + 32049*o + 3. Determine s(-22).
-32
Suppose -5*y + 15 = 4*a, -6*a - 6 = -2*a - 2*y. Let z(u) = 2*u**2 - 2*u + 10. Determine z(a).
10
Let w(v) be the third derivative of v**4/24 + 13*v**3/6 + 822*v**2. Determine w(-3).
10
Let v(p) = 129 + 132 - 380 + 46*p + 127 - 27*p. Calculate v(-1).
-11
Suppose -1491 + 1547 = -3*m - 5*m. Let f(r) = r**3 + 8*r**2 + 7*r - 13. What is f(m)?
-13
Let j(y) = 5*y**2 - 4*y - 8. Let m(s) = s**2 + s - 2. Let c = 124 - 120. Let i(t) = c*m(t) - j(t). What is i(7)?
7
Suppose 8*w - 288 = 44*w. Let c = 5 + -4. Let y(a) = 2*a**2 + 7*a - 6. Let q(n) = -n**2. Let b(r) = c*q(r) + y(r). What is b(w)?
2
Let k = 4 + -1. Suppose -k*i = 3*z + 24, 5*i + 4*z = 4*i - 17. Let g(m) be the first derivative of m**4/4 + 4*m**3/3 - 7*m**2/2 - 5*m + 133. What is g(i)?
5
Let y(h) = -h - 15. Suppose 139*w - 135*w = 416. Suppose w = -4*o - 4*o. Give y(o).
-2
Let j(l) be the first derivative of 17*l**2/2 - 67*l - 4707. Determine j(4).
1
Let u be (272/(-680))/((-2)/(-70)). Let c(s) = -s**3 - 15*s**2 - 18*s - 8. What is c(u)?
48
Suppose b - 12 = -0*b - 2*v, -3*v + 38 = 4*b. Let o(y) = y + 0*y + y - 4*y + 10. What is o(b)?
-6
Let s be ((-15)/9)/(12/(-72)). Let m be 7/(-28)*(s - -10). Let p(i) be the first derivative of i**3/3 + 3*i**2/2 + 3*i - 1. Calculate p(m).
13
Let v(f) be the third derivative of f**6/120 + f**5/4 + f**4/2 - 23*f**3/6 - 2*f**2 + 26*f. Let w be v(-14). Let t(b) = -b**2 + 6*b - 4. Calculate t(w).
1
Let k(l) be the second derivative of l**4/12 + 17*l**3/6 - 7*l**2 + 2768*l. Calculate k(-18).
4
Let t(o) = 6 - 29*o**2 - 5 + 2*o + 2*o + 1 + 125*o**2. Give t(-1).
94
Let m(z) = -z**2 + 15*z - 18. Let h(b) = 2*b**2 + 32*b - 108. Let g be h(-19). What is m(g)?
36
Let o(i) = 3*i**2 - 31*i - 24. Let u(r) = r**2 - 460*r + 3182. Let t be u(7). What is o(t)?
-2
Let w = 15 - 10. Suppose 0 + 15 = w*n. Let f(h) = 2*h - 4 - 21*h**2 + 0*h**3 - h**n + 18*h**2. What is f(-4)?
4
Suppose -15 + 15 = -2*y. Suppose -8*j + 48 + y = 0. Let c(h) = 4*h**2 - h - 14. Let z(t) = 5*t**2 - t - 15. Let w(a) = j*c(a) - 5*z(a). Determine w(0).
-9
Let y be (((-68)/(-6))/(-17))/(2/(-129)). Suppose y = n + 50. Let b(q) = -q**2 - 10*q - 10. What is b(n)?
11
Let d(x) = -3*x - 1. Suppose 4*r - 2*w - 22 = 0, 0 = -4*r + 5*w - 0*w + 25. Give d(r).
-16
Let d(x) = 6*x - 5*x + 796*x**2 - 1603*x**2 + 797*x**2 + x**3 + 2. Let g(t) = 10*t**2 - t - 1. Let v be g(-1). What is d(v)?
12
Let y(r) be the second derivative of -r**4/12 + 5*r**3/6 - 5*r**2/2 - 5*r. Suppose -25*v + 391 = 316. Determine y(v).
1
Suppose -8 = b - 5*b. Let k(o) = 3*o - 4*o + 5*o - o**b + 2*o - 3. Give k(4).
5
Suppose -5*g - 927 + 2592 = 0. Let b = 331 - g. Let s(y) = -y**2 + 2*y - 1. Calculate s(b).
-9
Let v(f) = -3*f**2 - 5*f - 35. Let g be v(-7). Let d = g - -153. Let u(n) = -n**2 + 6*n + 2. What is u(d)?
2
Let h(m) = -301 - 385 + 19*m + 676. What is h(5)?
85
Let v(s) = -5*s**2 + s - 1. Suppose 11*p - 6 = 16. Let a(m) = 1 - 2*m**2 + 6 - 6 + 3*m**p. Let i(c) = -4*a(c) - v(c). Determine i(3).
3
Let d = 7609 - 7614. Let a = -3 - -6. Let m(t) = 2*t + t**3 + 0 + a*t**2 + 2*t**2 + 2. Give m(d).
-8
Let w(p) be the second derivative of 43*p + 7/2*p**2 + 1 - p**3. Give w(8).
-41
Let z(n) = -249 - 2*n + 1330*n**2 - 29*n + 1330*n**2 - 2661*n**2. Determine z(-15).
-9
Let m(w) be the second derivative of 2*w**3 + 5*w**2/2 - w. Suppose -5*o + 22 = -13. Let g(l) = -6*l - 2. Let h(d) = o*g(d) + 3*m(d). Give h(1).
-5
Let n(u) = -1 + 2*u**3 - 47001*u + 47000*u - u**3. Calculate n(0).
-1
Suppose 4*u = 3*b + 45, b + 2*b = 5*u - 54. Let a(z) = 3*z + 2. Determine a(u).
29
Let t be 2 - ((-168)/(-40) - (-2)/(-10)). Let v be 70/6 - 3 - t/(-3). Let w(a) = v - a + 14 - 20. Determine w(1).
1
Suppose 2*b + 403 = 5*a, 0 = 5*a + 17 - 2. Let w = b + 208. Let f(x) = 10*x + 1. Determine f(w).
-9
Let j(o) = 5*o + 61. Let r = 4321 + -4336. Calculate j(r).
-14
Let a(o) = -o**3 + 7*o**2 - o + 3. Let p(f) = -2*f**2 - 16*f + 8. Let i be p(-7). Let b be (-10)/55 + 158/i. Calculate a(b).
-4
Let d(k) = k**3 - 6*k**2 - 11*k + 14. Let l = -1832 + 1840. Calculate d(l).
54
Let f(y) = y + 1. Let j(s) = 2*s - 1. Let u be 4/(-6) + (-3 - 23/(-3)). Let r be j(u). Suppose 8*d = r*d - 6. Determine f(d).
-5
Let f(d) = 6*d**2 + 7*d + 7. Let a(b) = 7*b**2 + 7*b + 7. Suppose 30 = 2*l + 3*l. Let y(n) = l*f(n) - 5*a(n). Let k be (2 - 4 - 10)/(35/(560/32)). What is y(k)?
1
Let a(y) be the second derivative of 1/3*y**3 - 1/24*y**4 - 7*y**2 + 0 + y. Let x(r) be the first derivative of a(r). Determine x(4).
-2
Let p(c) = -c**2 - 4*c - 2. Let z be p(-5). Let n = -70 + 115. Let i(m) = 50 - m*